{"id":10,"date":"2015-09-03T19:35:43","date_gmt":"2015-09-03T17:35:43","guid":{"rendered":"http:\/\/www.cafestadtbahn.org\/?page_id=10"},"modified":"2016-02-20T21:36:44","modified_gmt":"2016-02-20T19:36:44","slug":"kontakt","status":"publish","type":"page","link":"http:\/\/www.cafestadtbahn.org\/?page_id=10","title":{"rendered":"Anfahrt"},"content":{"rendered":"<div id=\"wpgmza_map_1\" class=\"wpgmza_map wpgmza-auto-left\" style=\"display:block;width:100\\%;height:400px;overflow:hidden;position:relative;\" data-map-id=\"1\" data-maps-engine=\"\" data-build-engine=\"atlas-novus\" data-shortcode-attributes=\"{&quot;id&quot;:&quot;1&quot;,&quot;zoom&quot;:false,&quot;width&quot;:false,&quot;height&quot;:false,&quot;marker&quot;:false,&quot;classname&quot;:false}\" data-settings=\"{&quot;map_title&quot;:&quot;Cafe Stadtbahn&quot;,&quot;map_width&quot;:&quot;100&quot;,&quot;map_height&quot;:&quot;400&quot;,&quot;map_start_lat&quot;:&quot;48.230566&quot;,&quot;map_start_lng&quot;:&quot;16.327119&quot;,&quot;map_start_location&quot;:&quot;48.230566,16.32711900000004&quot;,&quot;map_start_zoom&quot;:&quot;15&quot;,&quot;default_marker&quot;:&quot;0&quot;,&quot;type&quot;:&quot;1&quot;,&quot;alignment&quot;:&quot;1&quot;,&quot;directions_enabled&quot;:&quot;1&quot;,&quot;styling_enabled&quot;:&quot;0&quot;,&quot;styling_json&quot;:&quot;&quot;,&quot;active&quot;:&quot;0&quot;,&quot;kml&quot;:&quot;&quot;,&quot;bicycle&quot;:&quot;0&quot;,&quot;traffic&quot;:&quot;0&quot;,&quot;dbox&quot;:&quot;1&quot;,&quot;dbox_width&quot;:&quot;250&quot;,&quot;listmarkers&quot;:&quot;0&quot;,&quot;listmarkers_advanced&quot;:&quot;0&quot;,&quot;filterbycat&quot;:&quot;0&quot;,&quot;ugm_enabled&quot;:&quot;0&quot;,&quot;ugm_category_enabled&quot;:&quot;0&quot;,&quot;fusion&quot;:&quot;&quot;,&quot;map_width_type&quot;:&quot;\\\\%&quot;,&quot;map_height_type&quot;:&quot;px&quot;,&quot;mass_marker_support&quot;:&quot;1&quot;,&quot;ugm_access&quot;:&quot;0&quot;,&quot;order_markers_by&quot;:&quot;1&quot;,&quot;order_markers_choice&quot;:&quot;2&quot;,&quot;show_user_location&quot;:&quot;0&quot;,&quot;default_to&quot;:&quot;&quot;,&quot;store_locator_enabled&quot;:2,&quot;store_locator_distance&quot;:2,&quot;store_locator_default_radius&quot;:10,&quot;store_locator_not_found_message&quot;:&quot;No results found in this location. Please try again.&quot;,&quot;store_locator_bounce&quot;:1,&quot;store_locator_query_string&quot;:&quot;ZIP \\\/ Address:&quot;,&quot;store_locator_default_address&quot;:&quot;&quot;,&quot;wpgmza_store_locator_restrict&quot;:&quot;&quot;,&quot;store_locator_style&quot;:&quot;legacy&quot;,&quot;wpgmza_store_locator_radius_style&quot;:&quot;legacy&quot;,&quot;map_max_zoom&quot;:&quot;1&quot;,&quot;transport_layer&quot;:0,&quot;wpgmza_theme_data&quot;:&quot;&quot;,&quot;wpgmza_show_points_of_interest&quot;:1,&quot;wpgmza_auto_night&quot;:0,&quot;id&quot;:1}\" ><\/div>\n<p>&nbsp;<\/p>\n<p><strong>Gersthofer Stra\u00dfe 47<\/strong><br \/>\n1180 Wien<br \/>\n+43 1 4791353<br \/>\npost@cafestadtbahn.org<b><br \/>\n<\/b><\/p>\n<p><strong>Station Gersthof<\/strong><br \/>\nS-45<br \/>\nStra\u00dfenbahnlinien 40, 41, 9<br \/>\nBus 10A und N41<\/p>\n<p>Taxistand ums Eck in der Herbeckstra\u00dfe<\/p>\n<p><a href=\"http:\/\/www.wienerlinien.at\/eportal3\/ep\/channelView.do\/pageTypeId\/66526\/channelId\/-46649\" target=\"_blank\">Wiener Linien Fahrplan<\/a><\/p>\n","protected":false},"excerpt":{"rendered":"<p>&nbsp; Gersthofer Stra\u00dfe 47 1180 Wien +43 1 4791353 post@cafestadtbahn.org Station Gersthof S-45 Stra\u00dfenbahnlinien 40, 41, 9 Bus 10A und N41 Taxistand ums Eck in der Herbeckstra\u00dfe Wiener Linien Fahrplan<\/p>\n","protected":false},"author":1,"featured_media":0,"parent":0,"menu_order":0,"comment_status":"closed","ping_status":"closed","template":"","meta":{"footnotes":""},"class_list":["post-10","page","type-page","status-publish","hentry"],"_links":{"self":[{"href":"http:\/\/www.cafestadtbahn.org\/index.php?rest_route=\/wp\/v2\/pages\/10","targetHints":{"allow":["GET"]}}],"collection":[{"href":"http:\/\/www.cafestadtbahn.org\/index.php?rest_route=\/wp\/v2\/pages"}],"about":[{"href":"http:\/\/www.cafestadtbahn.org\/index.php?rest_route=\/wp\/v2\/types\/page"}],"author":[{"embeddable":true,"href":"http:\/\/www.cafestadtbahn.org\/index.php?rest_route=\/wp\/v2\/users\/1"}],"replies":[{"embeddable":true,"href":"http:\/\/www.cafestadtbahn.org\/index.php?rest_route=%2Fwp%2Fv2%2Fcomments&post=10"}],"version-history":[{"count":11,"href":"http:\/\/www.cafestadtbahn.org\/index.php?rest_route=\/wp\/v2\/pages\/10\/revisions"}],"predecessor-version":[{"id":293,"href":"http:\/\/www.cafestadtbahn.org\/index.php?rest_route=\/wp\/v2\/pages\/10\/revisions\/293"}],"wp:attachment":[{"href":"http:\/\/www.cafestadtbahn.org\/index.php?rest_route=%2Fwp%2Fv2%2Fmedia&parent=10"}],"curies":[{"name":"wp","href":"https:\/\/api.w.org\/{rel}","templated":true}]}}