{"id":199,"date":"2016-02-12T15:24:23","date_gmt":"2016-02-12T13:24:23","guid":{"rendered":"http:\/\/www.cafestadtbahn.org\/?page_id=199"},"modified":"2018-02-02T18:08:54","modified_gmt":"2018-02-02T16:08:54","slug":"location","status":"publish","type":"page","link":"http:\/\/www.cafestadtbahn.org\/?page_id=199","title":{"rendered":"Location"},"content":{"rendered":"<h1>Das Stadtbahn mieten.<\/h1>\n<p>Das Stadtbahn ist\u00a0als Location\u00a0f\u00fcr Filmproduktionen zu haben.<br \/>\nF\u00fcr l\u00e4ngere Projekte besonders interessant: das Lokal hat im Juli und August Sommerpause und steht hier f\u00fcr Dreharbeiten besonders lange\/flexibel zur Verf\u00fcgung.<\/p>\n<p>F\u00fcr mehr Informationen bitte einfach Mail an: post@cafestadtbahn.org<\/p>\n<div id='gallery-1' class='gallery galleryid-199 gallery-columns-3 gallery-size-post-thumbnail'><figure class='gallery-item'>\n\t\t\t<div class='gallery-icon landscape'>\n\t\t\t\t<a href='http:\/\/www.cafestadtbahn.org\/?attachment_id=180'><img loading=\"lazy\" decoding=\"async\" width=\"383\" height=\"383\" src=\"http:\/\/www.cafestadtbahn.org\/wp-content\/uploads\/2015\/09\/IMG_7653-383x383.jpg\" class=\"attachment-post-thumbnail size-post-thumbnail\" alt=\"\" srcset=\"http:\/\/www.cafestadtbahn.org\/wp-content\/uploads\/2015\/09\/IMG_7653-383x383.jpg 383w, http:\/\/www.cafestadtbahn.org\/wp-content\/uploads\/2015\/09\/IMG_7653-150x150.jpg 150w\" sizes=\"auto, (max-width: 383px) 100vw, 383px\" \/><\/a>\n\t\t\t<\/div><\/figure><figure class='gallery-item'>\n\t\t\t<div class='gallery-icon landscape'>\n\t\t\t\t<a href='http:\/\/www.cafestadtbahn.org\/?attachment_id=181'><img loading=\"lazy\" decoding=\"async\" width=\"383\" height=\"383\" src=\"http:\/\/www.cafestadtbahn.org\/wp-content\/uploads\/2015\/09\/IMG_7681-383x383.jpg\" class=\"attachment-post-thumbnail size-post-thumbnail\" alt=\"\" srcset=\"http:\/\/www.cafestadtbahn.org\/wp-content\/uploads\/2015\/09\/IMG_7681-383x383.jpg 383w, http:\/\/www.cafestadtbahn.org\/wp-content\/uploads\/2015\/09\/IMG_7681-150x150.jpg 150w\" sizes=\"auto, (max-width: 383px) 100vw, 383px\" \/><\/a>\n\t\t\t<\/div><\/figure><figure class='gallery-item'>\n\t\t\t<div class='gallery-icon landscape'>\n\t\t\t\t<a href='http:\/\/www.cafestadtbahn.org\/?attachment_id=182'><img loading=\"lazy\" decoding=\"async\" width=\"383\" height=\"383\" src=\"http:\/\/www.cafestadtbahn.org\/wp-content\/uploads\/2015\/09\/IMG_7730-383x383.jpg\" class=\"attachment-post-thumbnail size-post-thumbnail\" alt=\"\" srcset=\"http:\/\/www.cafestadtbahn.org\/wp-content\/uploads\/2015\/09\/IMG_7730-383x383.jpg 383w, http:\/\/www.cafestadtbahn.org\/wp-content\/uploads\/2015\/09\/IMG_7730-150x150.jpg 150w\" sizes=\"auto, (max-width: 383px) 100vw, 383px\" \/><\/a>\n\t\t\t<\/div><\/figure>\n\t\t<\/div>\n\n","protected":false},"excerpt":{"rendered":"<p>Das Stadtbahn mieten. Das Stadtbahn ist\u00a0als Location\u00a0f\u00fcr Filmproduktionen zu haben. F\u00fcr l\u00e4ngere Projekte besonders interessant: das Lokal hat im Juli und August Sommerpause und steht hier f\u00fcr Dreharbeiten besonders lange\/flexibel zur Verf\u00fcgung. F\u00fcr mehr Informationen bitte einfach Mail an: post@cafestadtbahn.org<\/p>\n","protected":false},"author":1,"featured_media":0,"parent":0,"menu_order":1,"comment_status":"closed","ping_status":"closed","template":"","meta":{"footnotes":""},"class_list":["post-199","page","type-page","status-publish","hentry"],"_links":{"self":[{"href":"http:\/\/www.cafestadtbahn.org\/index.php?rest_route=\/wp\/v2\/pages\/199","targetHints":{"allow":["GET"]}}],"collection":[{"href":"http:\/\/www.cafestadtbahn.org\/index.php?rest_route=\/wp\/v2\/pages"}],"about":[{"href":"http:\/\/www.cafestadtbahn.org\/index.php?rest_route=\/wp\/v2\/types\/page"}],"author":[{"embeddable":true,"href":"http:\/\/www.cafestadtbahn.org\/index.php?rest_route=\/wp\/v2\/users\/1"}],"replies":[{"embeddable":true,"href":"http:\/\/www.cafestadtbahn.org\/index.php?rest_route=%2Fwp%2Fv2%2Fcomments&post=199"}],"version-history":[{"count":4,"href":"http:\/\/www.cafestadtbahn.org\/index.php?rest_route=\/wp\/v2\/pages\/199\/revisions"}],"predecessor-version":[{"id":665,"href":"http:\/\/www.cafestadtbahn.org\/index.php?rest_route=\/wp\/v2\/pages\/199\/revisions\/665"}],"wp:attachment":[{"href":"http:\/\/www.cafestadtbahn.org\/index.php?rest_route=%2Fwp%2Fv2%2Fmedia&parent=199"}],"curies":[{"name":"wp","href":"https:\/\/api.w.org\/{rel}","templated":true}]}}

<h1>Das Stadtbahn mieten.</h1>
<p>Das Stadtbahn ist als Location für Filmproduktionen zu haben.<br />
Für längere Projekte besonders interessant: das Lokal hat im Juli und August Sommerpause und steht hier für Dreharbeiten besonders lange/flexibel zur Verfügung.</p>
<p>Für mehr Informationen bitte einfach Mail an: post@cafestadtbahn.org</p>
<div id='gallery-1' class='gallery galleryid-199 gallery-columns-3 gallery-size-post-thumbnail'><figure class='gallery-item'>
			<div class='gallery-icon landscape'>
				<a href='http://www.cafestadtbahn.org/?attachment_id=180'><img loading="lazy" decoding="async" width="383" height="383" src="http://www.cafestadtbahn.org/wp-content/uploads/2015/09/IMG_7653-383x383.jpg" class="attachment-post-thumbnail size-post-thumbnail" alt="" srcset="http://www.cafestadtbahn.org/wp-content/uploads/2015/09/IMG_7653-383x383.jpg 383w, http://www.cafestadtbahn.org/wp-content/uploads/2015/09/IMG_7653-150x150.jpg 150w" sizes="auto, (max-width: 383px) 100vw, 383px" /></a>
			</div></figure><figure class='gallery-item'>
			<div class='gallery-icon landscape'>
				<a href='http://www.cafestadtbahn.org/?attachment_id=181'><img loading="lazy" decoding="async" width="383" height="383" src="http://www.cafestadtbahn.org/wp-content/uploads/2015/09/IMG_7681-383x383.jpg" class="attachment-post-thumbnail size-post-thumbnail" alt="" srcset="http://www.cafestadtbahn.org/wp-content/uploads/2015/09/IMG_7681-383x383.jpg 383w, http://www.cafestadtbahn.org/wp-content/uploads/2015/09/IMG_7681-150x150.jpg 150w" sizes="auto, (max-width: 383px) 100vw, 383px" /></a>
			</div></figure><figure class='gallery-item'>
			<div class='gallery-icon landscape'>
				<a href='http://www.cafestadtbahn.org/?attachment_id=182'><img loading="lazy" decoding="async" width="383" height="383" src="http://www.cafestadtbahn.org/wp-content/uploads/2015/09/IMG_7730-383x383.jpg" class="attachment-post-thumbnail size-post-thumbnail" alt="" srcset="http://www.cafestadtbahn.org/wp-content/uploads/2015/09/IMG_7730-383x383.jpg 383w, http://www.cafestadtbahn.org/wp-content/uploads/2015/09/IMG_7730-150x150.jpg 150w" sizes="auto, (max-width: 383px) 100vw, 383px" /></a>
			</div></figure>
		</div>

<p>Das Stadtbahn mieten. Das Stadtbahn ist als Location für Filmproduktionen zu haben. Für längere Projekte besonders interessant: das Lokal hat im Juli und August Sommerpause und steht hier für Dreharbeiten besonders lange/flexibel zur Verfügung. Für mehr Informationen bitte einfach Mail an: post@cafestadtbahn.org</p>
